{"id":737,"date":"2017-10-18T11:32:01","date_gmt":"2017-10-18T11:32:01","guid":{"rendered":"http:\/\/tcbruenen.de\/?page_id=737"},"modified":"2021-12-21T09:45:19","modified_gmt":"2021-12-21T09:45:19","slug":"allgemein","status":"publish","type":"page","link":"https:\/\/tcbruenen.de\/?page_id=737","title":{"rendered":"Allgemein"},"content":{"rendered":"<p>Beitragsordnung Tennisclub Br\u00fcnen e.V. (g\u00fcltig seit 01.01.2015)<br \/>\nBeitragsjahr ist das Kalenderjahr. Die Beitr\u00e4ge sind viertelj\u00e4hrlich am 15.02.\/15.05.\/15.08 und 15.11. zu entrichten. Die Teilbetr\u00e4ge werden durch Bankeinzug abgebucht. Bei Neuaufnahmen nach dem 1.Januar sind die Beitr\u00e4ge f\u00fcr die verflossenen Quartale r\u00fcckwirkend f\u00e4llig.<\/p>\n<table border=\"0\" cellspacing=\"0\" cellpadding=\"0\">\n<tbody>\n<tr align=\"LEFT\" valign=\"TOP\">\n<td width=\"1\"><img alt=\"\" width=\"1\" height=\"1\" border=\"0\" \/><\/td>\n<td width=\"714\">\n<table id=\"Tabelle6\" border=\"1\" width=\"100%\" cellspacing=\"3\" cellpadding=\"1\">\n<tbody>\n<tr>\n<td width=\"389\">1. Voll beitragspflichtige aktive Mitglieder<br \/>\nnach Vollendung des 18. Lebensjahres<br \/>\nohne Kind \u00fcber 8 Jahre<br \/>\nmit Kind(ern) \u00fcber 8 Jahre<\/td>\n<td width=\"306\">Jahresbeitrag<\/p>\n<p>180 Euro<br \/>\n214 Euro<\/td>\n<\/tr>\n<tr>\n<td width=\"389\">2. Aktive Ehepaare<br \/>\nohne Kind \u00fcber 8 Jahre<br \/>\nmit Kind(ern) \u00fcber 8 Jahre<\/td>\n<td width=\"306\">295 Euro<br \/>\n329 Euro<\/td>\n<\/tr>\n<tr>\n<td width=\"389\">3. Jugendliche Mitglieder<br \/>\nbis zum 18. Lebensjahr und Sch\u00fcler, Studenten, Azubis,\u00a0\u00a0jedoch h\u00f6chstens bis zum 27. Lebensjahr, von denen kein Elternteil Mitglied ist.<\/td>\n<td width=\"306\">\u00a069 Euro<\/td>\n<\/tr>\n<tr>\n<td width=\"389\">4. F\u00f6rdernde und passive Mitglieder<\/td>\n<td width=\"306\">52 Euro<\/td>\n<\/tr>\n<\/tbody>\n<\/table>\n<\/td>\n<\/tr>\n<\/tbody>\n<\/table>\n<p>Den Aufnahmeantrag finden sie <a href=\"https:\/\/tcbruenen.de\/wp-content\/uploads\/2018\/09\/Aufnahmeantrag-und-Datenschutzerkl\u00e4rung-TCB.pdf\" target=\"_blank\" rel=\"noopener\">HIER<\/a> oder im Downloadbereich auf unserer Seite.<\/p>\n<p><strong><u>Bankverbindungen<\/u><\/strong><br \/>\nNISPA Wesel\u00a0 \u00a0 \u00a0 \u00a0 \u00a0 \u00a0 \u00a0 \u00a0 \u00a0 \u00a0 \u00a0 \u00a0 \u00a0 \u00a0<label for=\"international-bank-account-number\"><acronym title=\"International Bank Account Number\">IBAN<\/acronym>: DE59356500000000340455<\/label><span class=\"element bank-account-number last\">\u00a0 \u00a0 \u00a0<\/span><label for=\"business-identifier-code\"><acronym title=\"Business Identifier Code\">BIC<\/acronym>:<\/label><span id=\"business-identifier-code\">WELADED1WES<\/span><\/p>\n<p>Volksbank Rhein-Lippe eG\u00a0\u00a0\u00a0\u00a0\u00a0 <label for=\"international-bank-account-number\"><acronym title=\"International Bank Account Number\">IBAN<\/acronym>: <\/label><span class=\"element\">DE70<\/span><span class=\"element bank-code\">3566<\/span><span class=\"element bank-code last\">0599<\/span><span class=\"element bank-account-number\">1338<\/span><span class=\"element bank-account-number\">3430<\/span><span class=\"element bank-account-number last\">15\u00a0\u00a0\u00a0\u00a0 <\/span><label for=\"business-identifier-code\"><acronym title=\"Business Identifier Code\">BIC<\/acronym>:<\/label><span id=\"business-identifier-code\">GENODED1RLW<\/span><\/p>\n<p>Wir freuen uns auf jedes neue Mitglied, bitte nehmen Sie mit uns <a href=\"mailto:info@tcbruenen.de\">Kontakt<\/a> auf.<\/p>\n<p><strong><u>K\u00fcndigung der Mitgliedschaft<\/u><\/strong><\/p>\n<p>( \u00a7 9 der TCB-Satzung ) Der freiwillige Austritt kann nur zum Jahresende erfolgen und muss schriftlich bis zum 30.September gemeldet sein.<\/p>\n","protected":false},"excerpt":{"rendered":"<p>Beitragsordnung Tennisclub Br\u00fcnen e.V. (g\u00fcltig seit 01.01.2015) Beitragsjahr ist das Kalenderjahr. Die Beitr\u00e4ge sind viertelj\u00e4hrlich am 15.02.\/15.05.\/15.08 und 15.11. zu entrichten. Die Teilbetr\u00e4ge werden durch Bankeinzug abgebucht. Bei Neuaufnahmen nach dem 1.Januar sind die Beitr\u00e4ge f\u00fcr die verflossenen Quartale r\u00fcckwirkend f\u00e4llig. 1. Voll beitragspflichtige aktive Mitglieder nach Vollendung des 18. Lebensjahres ohne Kind \u00fcber 8 [&hellip;]<\/p>\n","protected":false},"author":1,"featured_media":0,"parent":0,"menu_order":0,"comment_status":"closed","ping_status":"closed","template":"","meta":{"jetpack_post_was_ever_published":false,"footnotes":""},"class_list":["post-737","page","type-page","status-publish","hentry"],"aioseo_notices":[],"jetpack_sharing_enabled":true,"jetpack_shortlink":"https:\/\/wp.me\/PaQzSh-bT","_links":{"self":[{"href":"https:\/\/tcbruenen.de\/index.php?rest_route=\/wp\/v2\/pages\/737","targetHints":{"allow":["GET"]}}],"collection":[{"href":"https:\/\/tcbruenen.de\/index.php?rest_route=\/wp\/v2\/pages"}],"about":[{"href":"https:\/\/tcbruenen.de\/index.php?rest_route=\/wp\/v2\/types\/page"}],"author":[{"embeddable":true,"href":"https:\/\/tcbruenen.de\/index.php?rest_route=\/wp\/v2\/users\/1"}],"replies":[{"embeddable":true,"href":"https:\/\/tcbruenen.de\/index.php?rest_route=%2Fwp%2Fv2%2Fcomments&post=737"}],"version-history":[{"count":7,"href":"https:\/\/tcbruenen.de\/index.php?rest_route=\/wp\/v2\/pages\/737\/revisions"}],"predecessor-version":[{"id":2003,"href":"https:\/\/tcbruenen.de\/index.php?rest_route=\/wp\/v2\/pages\/737\/revisions\/2003"}],"wp:attachment":[{"href":"https:\/\/tcbruenen.de\/index.php?rest_route=%2Fwp%2Fv2%2Fmedia&parent=737"}],"curies":[{"name":"wp","href":"https:\/\/api.w.org\/{rel}","templated":true}]}}