{"id":740,"date":"2017-10-18T11:32:14","date_gmt":"2017-10-18T11:32:14","guid":{"rendered":"http:\/\/tcbruenen.de\/?page_id=740"},"modified":"2024-06-06T06:34:50","modified_gmt":"2024-06-06T06:34:50","slug":"aufnahmeantrag","status":"publish","type":"page","link":"https:\/\/tcbruenen.de\/?page_id=740","title":{"rendered":"Aufnahmeantrag"},"content":{"rendered":"<p>Der Aufnahmeantrag\u00a0und die Datenschutzerkl\u00e4rung sind ausgef\u00fcllt und unterzeichnet an unseren Vorstand abzugeben.<\/p>\n<p><a href=\"https:\/\/tcbruenen.de\/wp-content\/uploads\/2023\/09\/Aufnahmeantrag-und-Datenschutzerklaerung-TCB.pdf.pdf\" target=\"_blank\" rel=\"noopener\">Aufnahmeantrag incl. Datenschutzerkl\u00e4rung<\/a><\/p>\n<p><strong>Postadresse:<br \/>\n<\/strong>TC Br\u00fcnen e.V. c\/o Holger H\u00f6pken, Feldkante 8, 46499 Hamminkeln<br \/>\noder eingescannt per Mail an: <a href=\"mailto:info@tcbruenen.de\">info@tcbruenen.de<\/a><\/p>\n","protected":false},"excerpt":{"rendered":"<p>Der Aufnahmeantrag\u00a0und die Datenschutzerkl\u00e4rung sind ausgef\u00fcllt und unterzeichnet an unseren Vorstand abzugeben. Aufnahmeantrag incl. Datenschutzerkl\u00e4rung Postadresse: TC Br\u00fcnen e.V. c\/o Holger H\u00f6pken, Feldkante 8, 46499 Hamminkeln oder eingescannt per Mail an: info@tcbruenen.de<\/p>\n","protected":false},"author":1,"featured_media":0,"parent":0,"menu_order":0,"comment_status":"closed","ping_status":"closed","template":"","meta":{"jetpack_post_was_ever_published":false,"footnotes":""},"class_list":["post-740","page","type-page","status-publish","hentry"],"aioseo_notices":[],"jetpack_sharing_enabled":true,"jetpack_shortlink":"https:\/\/wp.me\/PaQzSh-bW","_links":{"self":[{"href":"https:\/\/tcbruenen.de\/index.php?rest_route=\/wp\/v2\/pages\/740","targetHints":{"allow":["GET"]}}],"collection":[{"href":"https:\/\/tcbruenen.de\/index.php?rest_route=\/wp\/v2\/pages"}],"about":[{"href":"https:\/\/tcbruenen.de\/index.php?rest_route=\/wp\/v2\/types\/page"}],"author":[{"embeddable":true,"href":"https:\/\/tcbruenen.de\/index.php?rest_route=\/wp\/v2\/users\/1"}],"replies":[{"embeddable":true,"href":"https:\/\/tcbruenen.de\/index.php?rest_route=%2Fwp%2Fv2%2Fcomments&post=740"}],"version-history":[{"count":11,"href":"https:\/\/tcbruenen.de\/index.php?rest_route=\/wp\/v2\/pages\/740\/revisions"}],"predecessor-version":[{"id":2269,"href":"https:\/\/tcbruenen.de\/index.php?rest_route=\/wp\/v2\/pages\/740\/revisions\/2269"}],"wp:attachment":[{"href":"https:\/\/tcbruenen.de\/index.php?rest_route=%2Fwp%2Fv2%2Fmedia&parent=740"}],"curies":[{"name":"wp","href":"https:\/\/api.w.org\/{rel}","templated":true}]}}