{"id":851,"date":"2018-04-06T12:14:15","date_gmt":"2018-04-06T12:14:15","guid":{"rendered":"http:\/\/tcbruenen.de\/?page_id=851"},"modified":"2021-02-19T13:32:56","modified_gmt":"2021-02-19T13:32:56","slug":"aufnahmeantrag-club-50","status":"publish","type":"page","link":"https:\/\/tcbruenen.de\/?page_id=851","title":{"rendered":"Aufnahmeantrag &#8222;Club 50&#8220;"},"content":{"rendered":"<p>Hallo zusammen, alle (auch Nichtmitglieder) k\u00f6nnen unseren Club 50 durch eine Spende \u00fcber 50 Euro im Jahr unterst\u00fctzen. Nat\u00fcrlich gibt es auch eine entsprechende Spendenbescheinigung zur Vorlage beim Finanzamt.<\/p>\n<p>Hier ist der Antrag: <a href=\"https:\/\/tcbruenen.de\/wp-content\/uploads\/2018\/04\/Aufnahmeantrag-Club-50-TCB.pdf\" target=\"_blank\" rel=\"noopener\">Aufnahmeantrag Club 50<\/a><\/p>\n<p>Einfach ausf\u00fcllen, unterschreiben und an ein Vorstandsmitglied \u00fcbergeben&#8230;oder per Post an:<\/p>\n<p>TC Br\u00fcnen e.V. c\/o Holger H\u00f6pken, Feldkante 8, 46499 Hamminkeln<\/p>\n","protected":false},"excerpt":{"rendered":"<p>Hallo zusammen, alle (auch Nichtmitglieder) k\u00f6nnen unseren Club 50 durch eine Spende \u00fcber 50 Euro im Jahr unterst\u00fctzen. Nat\u00fcrlich gibt es auch eine entsprechende Spendenbescheinigung zur Vorlage beim Finanzamt. Hier ist der Antrag: Aufnahmeantrag Club 50 Einfach ausf\u00fcllen, unterschreiben und an ein Vorstandsmitglied \u00fcbergeben&#8230;oder per Post an: TC Br\u00fcnen e.V. c\/o Holger H\u00f6pken, Feldkante 8, [&hellip;]<\/p>\n","protected":false},"author":1,"featured_media":0,"parent":0,"menu_order":0,"comment_status":"closed","ping_status":"closed","template":"","meta":{"jetpack_post_was_ever_published":false,"footnotes":""},"class_list":["post-851","page","type-page","status-publish","hentry"],"aioseo_notices":[],"jetpack_sharing_enabled":true,"jetpack_shortlink":"https:\/\/wp.me\/PaQzSh-dJ","_links":{"self":[{"href":"https:\/\/tcbruenen.de\/index.php?rest_route=\/wp\/v2\/pages\/851","targetHints":{"allow":["GET"]}}],"collection":[{"href":"https:\/\/tcbruenen.de\/index.php?rest_route=\/wp\/v2\/pages"}],"about":[{"href":"https:\/\/tcbruenen.de\/index.php?rest_route=\/wp\/v2\/types\/page"}],"author":[{"embeddable":true,"href":"https:\/\/tcbruenen.de\/index.php?rest_route=\/wp\/v2\/users\/1"}],"replies":[{"embeddable":true,"href":"https:\/\/tcbruenen.de\/index.php?rest_route=%2Fwp%2Fv2%2Fcomments&post=851"}],"version-history":[{"count":3,"href":"https:\/\/tcbruenen.de\/index.php?rest_route=\/wp\/v2\/pages\/851\/revisions"}],"predecessor-version":[{"id":1866,"href":"https:\/\/tcbruenen.de\/index.php?rest_route=\/wp\/v2\/pages\/851\/revisions\/1866"}],"wp:attachment":[{"href":"https:\/\/tcbruenen.de\/index.php?rest_route=%2Fwp%2Fv2%2Fmedia&parent=851"}],"curies":[{"name":"wp","href":"https:\/\/api.w.org\/{rel}","templated":true}]}}